e greatest common divisor of a and 33?
11
Let r = 0 + -8. Let u be r/(-36) - 1166/(-18). Suppose 0 = n - 0 - 26. What is the greatest common factor of n and u?
13
Let a = 224 - 106. Suppose 3*w = a - 40. Calculate the greatest common divisor of 65 and w.
13
Suppose 0 = -3*p + 10 + 137. Let a = 6 + -4. Suppose 0 = -a*y - 17 + p. Calculate the greatest common factor of y and 16.
16
Suppose 6*l = -9*l + 1155. What is the greatest common divisor of l and 11?
11
Suppose 0*l + 4 = -2*l. Let r(p) = p**2 - 2*p - 2. Let c be r(l). Calculate the highest common divisor of c and 48.
6
Suppose 9*z - 784 = 2*z. Calculate the highest common factor of z and 14.
14
Let f be 12/7*70/4. Let c = 8 + 3. Let d = 17 - c. What is the highest common divisor of d and f?
6
Suppose -2*y + 0*y - 4 = 0, -4*j + y - 2 = 0. Let d be ((-2)/5)/(2/(-80)). Let h = d + j. What is the greatest common factor of 6 and h?
3
Suppose 0 = -5*u + 126 + 54. Let r be -2 + -3*4/(-6). Let w = 9 + r. Calculate the highest common factor of u and w.
9
Suppose 3*s - 207 = -0*s. What is the greatest common divisor of 23 and s?
23
Suppose 4*s - b - 8 = 3*s, 5 = s - 4*b. Calculate the greatest common divisor of 117 and s.
9
Let m = 50 + 54. Suppose 0*u = 2*a - 2*u - m, 2*a = -u + 110. Calculate the highest common factor of 6 and a.
6
Suppose -2*d = -4*p + 20, 2*d + 5*p - 4 - 3 = 0. Let q = 4 + d. Suppose 2*x + 3*x = h - 52, -3*h - 3*x + 66 = q. What is the greatest common divisor of 3 and h?
3
Let p = 3 + 1. Suppose -213 = -m + 3*q, -p*q - 1075 = -5*m + q. Suppose 5*u - 2*u - m = 0. Calculate the greatest common factor of u and 9.
9
Let q = 73 - 28. Let k be (13/(13/(-6)) + 1)*-1. Calculate the greatest common factor of k and q.
5
Suppose 3*t = 260 + 124. Suppose 4*n = -2*d - 7 + 19, -5*d - 3*n + 65 = 0. Calculate the greatest common divisor of d and t.
16
Let u be (-3)/(-9) + -274*(-3)/18. Calculate the highest common factor of u and 368.
46
Let z be (108/(-45))/((-3)/40). What is the greatest common factor of 16 and z?
16
Let i be 2/6 + 35/3 + -3. Calculate the greatest common divisor of i and 1.
1
Let g be 12/(-5)*(-160)/24. What is the greatest common factor of g and 16?
16
Let c = 55 - 30. Calculate the highest common factor of c and 100.
25
Suppose 2*p - 22 = 4*r, 2*r - 9 = -3*p - 0*r. Suppose -5*i + 2*w = -w - 150, -2*i + 91 = p*w. Let y = -21 + i. Calculate the highest common factor of 30 and y.
6
Let i = 73 - -30. Let a = -53 + i. What is the highest common divisor of a and 10?
10
Suppose -2*x + 190 = 3*g, -306 = -4*x - 4*g + 70. What is the highest common factor of 46 and x?
46
Suppose 3*i - 84 = -3*i. Let k = -2 + 2. Suppose 0 = 3*x + 3*d - 0*d - 447, k = -x - 2*d + 144. What is the highest common divisor of x and i?
14
Let k be 1/(3/768*4). Calculate the highest common factor of k and 16.
16
Let v(l) = -l**3 - 4*l**2 - 4*l. Let b be v(-3). Suppose -33 = -b*o + 3*k, -3*k + 3 = o + 2*o. Calculate the highest common divisor of o and 9.
3
Suppose 2*n = -h + 4*n + 62, -3*h = 4*n - 206. Suppose -j = -3*j + h. Let u be 21*1 + 13/13. Calculate the highest common factor of u and j.
11
Let f(h) = h**3 + 10*h**2 + h + 13. Let y be f(-10). Suppose -r + y = -5*v + 4, -68 = -4*r - 4*v. What is the greatest common factor of r and 28?
14
Suppose 0 = -3*z - 2*f + 26, -4*f + 3*f - 2 = 0. What is the greatest common factor of z and 20?
10
Let u(q) = -2*q**3 - 8*q**2 - 7*q - 1. Let d be 6/(-10) + 44/(-10). Let j be u(d). Let b be 3/(9/(-4))*-9. What is the highest common factor of j and b?
12
Suppose v - 100 = -83. Calculate the highest common divisor of v and 17.
17
Let m(p) = p**2 + 6 + 0*p + 3*p + p + 5*p. Let f be m(-9). Suppose 5*g = 380 - 110. What is the greatest common factor of f and g?
6
Suppose -12 = -s + 5*s, 81 = 3*w - 2*s. Calculate the highest common factor of w and 5.
5
Let u = -27 - -41. Calculate the greatest common factor of u and 154.
14
Let s(r) = -5*r - 3. Let p be s(-6). Let m(g) = g**3 + 4*g**2 - 4*g + 8. Let j be m(-5). Calculate the highest common divisor of p and j.
3
Suppose -3*b - 40 = -4*b. What is the greatest common factor of 16 and b?
8
Let f(z) = 14*z**2 - 2*z + 1. Let x be f(4). Let t = -64 + x. Calculate the highest common divisor of 17 and t.
17
Let y = -5 + 7. Suppose 0 = -5*j - 2*w + 73, -j - y*w = -2*j + 5. Suppose -3*l = -31 - 320. Calculate the greatest common factor of j and l.
13
Let k(m) = m**2 + 17. Let w be k(0). Let g(y) = -y**3 + 2*y**2 - y - 1. Let o be g(-2). What is the greatest common divisor of w and o?
17
Let k(b) = -b**3 - 7*b**2 + 8*b + 8. Let a be k(-8). What is the highest common factor of a and 1?
1
Let i = 60 + -4. Suppose -2*u - 2 = -12. Let v be 2/u - (-114)/15. What is the highest common divisor of v and i?
8
Suppose 20 = -5*m - 3*t - 2*t, 3*t + 12 = 0. Suppose m*w = w. Suppose 5*p - 3*n - 278 = w, 2*p - 2*n = 2*n + 114. What is the greatest common factor of 5 and p?
5
Let v(q) = q - 3. Let p be v(6). Let x be (p/5)/((-3)/(-15)). Suppose -3*l + 37 = -w, 26 = -l + x*l - w. Calculate the highest common divisor of l and 22.
11
Let h = 28 - 48. Let v be ((-3)/(-2))/((-15)/h). Suppose -5*c = v*s - 56, c - 5*s = 1 - 6. What is the greatest common divisor of c and 80?
10
Suppose -2*w - 2*j = -38, -2*w + 58 = w + 4*j. What is the greatest common factor of w and 18?
18
Let h be 2/4 - 6/(-4). Let d be h/9 + 258/54. Calculate the greatest common factor of d and 5.
5
Suppose -35 = q - 4*q - 4*x, x - 25 = -2*q. What is the highest common divisor of q and 65?
13
Let w be (-256)/(-18) + (-32)/144. Calculate the highest common divisor of w and 21.
7
Let l be 29 + 1 + 22/(-11). What is the greatest common factor of l and 4?
4
Let p = 6 + -4. Suppose 0*b - p*b = 0. Suppose b = -0*m + 3*m - 42. Calculate the highest common divisor of 42 and m.
14
Suppose -36 = -3*m + 2*d, 5*d = 2*m + 3*d - 22. Suppose -20 = 4*t, 43 = 4*s - 2*t - t. Calculate the greatest common factor of m and s.
7
Let g = 1 + 5. Suppose -g*r + 21 = -3*r. Let o(c) = 6*c**2 - 5*c + 17. Let m be o(3). Calculate the highest common divisor of r and m.
7
Let r = 425 - 421. Let i = 2 + 14. What is the greatest common divisor of i and r?
4
Suppose -2*z = -7 - 21. Let t(c) = 3*c**2 - c - 1. Let l be t(-2). Let f(g) = 8*g + 8. Let n be f(l). Calculate the greatest common divisor of z and n.
14
Let j(y) = -4*y + 3. Let p(c) = -3*c + 4. Let o(h) = 4*j(h) - 5*p(h). Let r be o(-8). Let w = r + 36. What is the greatest common factor of w and 90?
18
Let m(c) = c**2 + 6*c - 8. Let v be m(7). Suppose -42 = -0*d - 2*d + 2*p, 5*p + v = 4*d. Calculate the highest common factor of d and 2.
2
Suppose 10 = 2*k - u + 3*u, -5*u + 7 = -4*k. Calculate the highest common factor of 12 and k.
2
Let u(t) = t**3 + 8*t**2 + t + 13. Let j be u(-8). What is the highest common divisor of 5 and j?
5
Let m(f) = 12*f - 7. Let z be m(7). What is the greatest common factor of 7 and z?
7
Let k be 2 + (-2)/((-4)/6). Suppose -4*u - 5*v = -35, 3*u - 2 = 3*v + 4. Calculate the highest common divisor of k and u.
5
Let h(q) = -2*q**2 + 10 + 3*q**2 - 17. Let n be h(-5). Calculate the highest common divisor of 27 and n.
9
Let w(k) = k**2 + 6*k + 10. Let m be w(-5). Calculate the greatest common divisor of m and 40.
5
Let d = 19 + -12. Let q = -18 - -32. What is the greatest common factor of q and d?
7
Suppose 0 = -3*j - 39 + 108. Let w = j - 14. What is the greatest common divisor of 63 and w?
9
Let m = 5 + 0. Let r = 7 - m. Calculate the highest common divisor of 18 and r.
2
Let d be (1 - 0 - 0)*-2. Let q be (d + 3)/(1/2). Let r be q/(-8) - 41/(-4). What is the greatest common factor of 110 and r?
10
Let x = 98 + -20. Let l(h) be the second derivative of -h**5/20 + h**4/2 - h**3/3 - h**2 + 2*h. Let n be l(5). Calculate the greatest common divisor of x and n.
13
Let t = 334 + -222. What is the highest common factor of 280 and t?
56
Let y = 10 - 3. Suppose 2*r = y*r. Suppose 3*o - 7*o + 48 = r. What is the highest common factor of 132 and o?
12
Suppose -5*i + 29 = 3*a - 9, -3*i + 4*a + 46 = 0. Let h be (-4)/i + 1136/40. Calculate the highest common factor of h and 4.
4
Let u = 42 + -17. Calculate the highest common divisor of 175 and u.
25
Suppose 0 = m - 44 + 17. Let v be -2 - -13*(-2 - -1). Let n be (8/(-5) - -1)*v. Calculate the highest c